*y + 47198. What is the tens digit of y?
3
Suppose 5*c = 2*t + 4*c - 965, -3*c + 9 = 0. Suppose 4*g = -4*b + 140 + t, 3*b - 4*g = 461. What is the tens digit of b?
5
Suppose -5*m - 2*h + 25146 = -4606, 4*h + 29776 = 5*m. What is the tens digit of m?
5
Let g be 30753/45 - 4/10. Suppose 1146 = 2*x - 5*h, x = -3*h - 88 + g. What is the units digit of x?
3
Let m(g) be the second derivative of 7*g**4/2 - 4*g**3/3 + g**2 - 6*g. What is the units digit of m(3)?
6
Suppose -i + 11 = -12. Let f = i + -19. Suppose f*r - 134 = 22. What is the units digit of r?
9
Let v = -5250 + 9643. What is the units digit of v?
3
Suppose -2*x + 13832 = 2*h + 4506, 5*h + 3*x - 23317 = 0. What is the thousands digit of h?
4
Let z be (-2)/(-6) + (-22)/(-6). Suppose 0*s + 28 = -z*s. What is the tens digit of (-29)/(s/(-2) - 4)?
5
Let q be (0 - 0) + (-12 - -97). Suppose -z - q = -260. Suppose t + w + 3*w = z, 4*t = 3*w + 776. What is the hundreds digit of t?
1
Let f = 19297 + -7614. What is the tens digit of f?
8
What is the units digit of 42964 - ((48 - 26) + -13)?
5
Suppose 140*x = 141*x - 2. Suppose 4*p + p + x*h = 156, 3*p - 93 = -h. What is the units digit of p?
0
Let o = -68080 + 104274. What is the tens digit of o?
9
Let f be ((-6)/8)/((-6)/1008). Suppose 129*s = f*s + 36. What is the units digit of -4 + s/4 + (0 - -227)?
6
Suppose 0 = 4*i + 5*h - 11, 3*h = 5*i + 7*h - 7. Let d be (7/21)/(i/(-9)). Suppose 0 = -6*r + d*r + 240. What is the tens digit of r?
8
Let j be (3/7 - 160/112) + 1. Suppose 13*r - 2763 - 5349 = j. What is the tens digit of r?
2
Let z = 13644 - 2008. What is the ten thousands digit of z?
1
Let r(p) = 359*p**2 + 5*p + 12. Let d = 937 + -935. What is the thousands digit of r(d)?
1
Suppose -8077 + 62956 = 24*o - 52353. What is the thousands digit of o?
4
Let s(a) = -397*a - 1149. What is the units digit of s(-12)?
5
What is the units digit of 223*((-1413)/(-33) + 18/99)?
9
Let p = -3566 + -8082. What is the hundreds digit of p/(-18) - (148/36 + -4)?
6
Let s be 6/3 + 0 + -3. Let c be (9 - s) + (2 - 3). Suppose 14*w = c*w + 165. What is the tens digit of w?
3
Suppose -4*h = y - 8860, -13798 - 3892 = -2*y + 2*h. What is the tens digit of y?
4
What is the tens digit of -106*(-40 - (-15)/1)?
5
Suppose -31*z + 63*z - 57502 = 44514. What is the thousands digit of z?
3
Let w(z) = 2519 - 2520 - 158*z**3 + 0*z**2 - z**2 - z. Let o be w(-1). Let j = o - -77. What is the units digit of j?
4
Suppose -62*l = -186391 - 630835 - 662094. What is the ten thousands digit of l?
2
Suppose -4*w + 310 + 858 = 4*z, -2*w + 297 = z. Suppose -10593 = -z*m + 278*m. What is the hundreds digit of m?
1
Let v = -1189 - -2753. Suppose -5*y + 0*y - f + v = 0, -1240 = -4*y + 2*f. What is the units digit of y?
2
Let t(h) = -h**2 - 14*h + 39. Let i be t(-16). Let w = i + 103. Let d = w + -62. What is the tens digit of d?
4
Let p(u) = 7*u + 42. Let v be p(-22). Let w = v - -149. What is the units digit of w?
7
Let p(h) = -2*h - 5. Let s be p(-6). Let q = s + -13. Let z(a) = 2*a**2 - a - 15. What is the tens digit of z(q)?
6
Let w(b) = 4*b + 6. Let d be w(2). Suppose d - 4 = 5*m. What is the tens digit of 7/((-14)/(-114)) - m?
5
Let s be -4*((-1)/(-1) + 0)*-1. Suppose -4*t + 2*t = 5*r - 1, 8 = s*t + 4*r. Suppose -t*a = 34 - 367. What is the hundreds digit of a?
1
Suppose 4*y - 1386134 = -19*y - 8*y. What is the hundreds digit of y?
7
Let b be 8*1 + (5 - 4). Let j = b - 20. Let t = j + 113. What is the units digit of t?
2
Suppose 15*h - 16*h = 5*l - 6693, 13416 = 2*h - 5*l. What is the thousands digit of h?
6
Suppose -4*m = 9*m - 39. Suppose 4*f = 4*j - 20, -5*f = -m*j - 1 + 18. Let o = 29 - f. What is the tens digit of o?
3
Let x(f) = 72*f + 527. Let c be x(-9). Suppose -432 = 2*o + o. Let p = c - o. What is the units digit of p?
3
Suppose 10 + 38 = -6*a. Let n(f) = -19*f - 20. Let z be n(a). Let i = z - 93. What is the tens digit of i?
3
Let t(g) = g**3 - 3*g**2 - 6*g + 8. Let i be t(4). Let p(m) = -m**2 - m - 204. Let v be p(i). What is the tens digit of (1*7)/((-17)/v)?
8
Let h be -22 + 32 + 5*-1. Suppose -k + 169 = h*x, 5*x - 376 = -5*k + 409. What is the units digit of k?
4
Suppose -2*f = -2*i - 8, 70*i - 71*i - 4 = -2*f. Suppose f = k - 5, 3*c - 2*k + 54 = 440. What is the units digit of c?
2
Let h(g) = 6*g + 4. Let k be h(-2). Let i be 504/6*(-10)/k. Suppose 8*c - i - 207 = 0. What is the tens digit of c?
3
Suppose -5*y = 381 + 204. Let s(v) = -166*v + 3. Let m be s(-1). Let w = y + m. What is the units digit of w?
2
Let q = 75 - 76. Let s be (((-21)/(-6) + -4)*4)/q. Suppose 109 = a + o, a + a = s*o + 234. What is the tens digit of a?
1
Suppose -687 = 3*g + 459. Let i = 541 + g. What is the hundreds digit of i?
1
Let i = -37 - -41. Suppose -i*l + 6*a + 1369 = a, -5*l + 1690 = -2*a. Suppose l = 10*j - 3*j. What is the units digit of j?
8
Let n(u) = 1920*u + 519. What is the units digit of n(10)?
9
Suppose -39*u = -371697 - 509196. What is the ten thousands digit of u?
2
Let v = -1764 - -5298. What is the thousands digit of v?
3
Suppose 2*o + 14 = -x, -x + 2 = 4*o + 28. Let h(b) = 4*b**2 + 16*b - 20. What is the tens digit of h(o)?
2
What is the units digit of (-34)/12 + 2 - (29 + (-2087435)/114)?
1
What is the thousands digit of (97424/20)/((-34)/85 - 8/(-10))?
2
Let t(b) = 8*b + 7. Suppose 2*l - 137 = -7*y + 2*y, 3*l - 75 = -3*y. Suppose -y = -5*h + 6. What is the tens digit of t(h)?
6
Let f(s) = -s**2 + 16*s - 53. Let y be f(7). What is the units digit of (-18)/45 + (-4094)/y*-1?
9
What is the units digit of ((-3618)/10854)/(2/7 - 178706/625422)?
1
Let z be 0 + (-1182)/2 + 11 + -14. Let x = z + 977. What is the hundreds digit of x?
3
Suppose -7548 + 1403 = -x. What is the tens digit of x?
4
Let q(z) = -107 + 13 - 227 - 9 - 28*z - 106*z. What is the units digit of q(-13)?
2
Suppose -19*x - 20 = -23*x. Suppose 2*n - 309 = -5*d + 108, -5*n = -x*d - 1095. Let b = n - 154. What is the units digit of b?
2
Suppose 3*q + 20 = -2*q. Let p(a) = -138 + a**2 - 25*a + 138. What is the hundreds digit of p(q)?
1
Suppose 247410 + 19435 = 26*t - 10367. What is the thousands digit of t?
0
Let d(m) = 6103*m + 520. What is the ten thousands digit of d(6)?
3
Let i = -127 - -923. Suppose 4*g = -3*r + 1044, -2*g - r - i = -5*g. What is the tens digit of 10/(-3)*g/(-11)?
8
Let m = 2222 + 3324. What is the thousands digit of m?
5
Let k(z) = -9*z + 14. Let u be k(1). Suppose -14*x - 2930 = -19*x - u*l, -x = 4*l - 574. What is the hundreds digit of x?
5
Let u = -32 - -37. Let w be u*8/60*183. Suppose 5*j = 3*d - w, 2*d - 83 = j + 4*j. What is the units digit of d?
9
Let i = 18933 + -11871. What is the hundreds digit of i?
0
Suppose -2*w - 46 = -5*y, 3*y = 9*w - 5*w + 36. Suppose -y*h = -5280 - 2944. What is the tens digit of h?
2
Let k = -248 + -1163. Let h = k + 2306. What is the hundreds digit of h?
8
Suppose 1910 = 32*r + 502. Let c(x) = -30*x - 3. Let y be c(-3). Let u = y - r. What is the units digit of u?
3
Let j be 2 + 3/((-9)/6). Suppose j = -2*m + 2*h + 2*h + 196, h + 103 = m. Suppose 5*u = 3*u + m. What is the tens digit of u?
5
Let c be 716/6*(-30)/(-20). Suppose -5*h + 80 = -2*z, -2*z + 2*h = -z + 40. Let g = z + c. What is the hundreds digit of g?
1
Suppose -28*h + 5112 = -10*h. Suppose 0 = 5*s - s - 5*w - 1211, -s = -5*w - h. What is the hundreds digit of s?
3
Let k(w) = -42*w - 17. Let v(a) = -20*a - 9. Let p(f) = 4*k(f) - 9*v(f). What is the units digit of p(-1)?
1
Suppose 37 = -c + 29. Let f be (c/(-12) - -1)*3. Suppose 3*u = -h + 569, h = f*u - 3*u - 376. What is the units digit of u?
9
Let r(f) = -4*f**2 - 3*f + 8. Let t(o) = o + 12. Let i be t(-7). Let q be r(i). Let k = 8 - q. What is the tens digit of k?
1
Suppose 10884 = -10*z + 16*z. Let d = z + -1228. What is the hundreds digit of d?
5
Let k = 27 - 27. Let g be (2 - (-12)/4) + k. Suppose g*j = 4*x - 46, 0*j - j - 40 = -3*x. What is the units digit of x?
4
Suppose 3*i - 903 = -2*v, 2*i = -3*i + 2*v + 1521. Let p(y) = y**3 - 20*y**2 + 13*y - 11. Let n be p(19). Let d = n + i. What is the tens digit of d?
7
Let t = 389 - 445. What is the tens digit of t/(-16)*3884/14?
7
Suppose 3*r - 2*k - 5 = -k, -4*r = 2*k - 20. Suppose i = r*p + 24, -2*i + 76 = -0*p + p. Suppose 4*w - i = 48. What is the units digit of w?
1
Let r be -1*-5*(-1 - 